4 - -2)
-66
What is the value of -99 - (1 + 2 + -4) - ((-12 - 6) + 18)?
-98
Calculate 65 - (-20 + -22 + 50).
57
Calculate -160 + 9 + 29 - (-10 + -17).
-95
0 - (5 + 3) - (2 - (20 - 12))
-2
Calculate -91 - -5 - (-15 + (-7 - -31 - (26 - 23))).
-92
What is the value of 23 - (37 - 2) - -53?
41
What is the value of (12 - (-1 - 46)) + (-5 - (0 + 3 + -2))?
53
Evaluate (-7 - (-16 - -2)) + (-30 - (-19 + -23)).
19
(-9 - 11 - -12) + (29 - (9 - (-7 + 6)))
11
What is the value of -3 - (-4 - 0) - (37 + 0) - (-8548 + 8553)?
-41
Calculate 1 + (-20 - 2) + 14 + -1 + -45 + 25.
-28
Evaluate (3 - 9 - -2) + 14 + (-25 - -2) + 6.
-7
Evaluate -98 + 182 + -25 - (0 + -11 + 1).
69
What is -1586 + 1598 - ((3 - -3 - 4) + -90)?
100
What is the value of -1 + 2 - (2 - -26 - (36 - 32))?
-23
What is (-73 + 44 - -38 - 18) + -49?
-58
Calculate -6 + (27 - (40 - 23)) + (1 - 42).
-37
What is 340 - 319 - (2 - 28)?
47
(-22 - -2) + 1244 + -1194
30
Calculate -78 - (-28 - (28 - 24)).
-46
8 + -26 + -23 - (-1 - 8)
-32
(96 - (-31 + 54)) + (-3 - 39)
31
What is -43 - (26 - (-31 - -57))?
-43
(1 - 16) + 476 + -361 + 16 + 2
118
What is 9 + -3 - 1 - (-23 - -35 - 24)?
17
What is the value of (-125 - -58) + (55 - 34)?
-46
Calculate -50 + 9 + 48 + -26.
-19
45 - (-7 + (-6 - -32 - 27))
53
What is -9 - ((13 - (2 - -12)) + 14 + 49)?
-71
Calculate -2 - (1 + -3 + -9 + -159 + 172) - -131.
127
What is (1 - -5) + 22 + (-19 - -65)?
74
What is ((1 - 2) + -7 - 1) + -1556 + 1532?
-33
Evaluate -15 + 7 - (2 + (-2 - 16) - -6).
2
Calculate -204 + 113 + 86 + -1 + 13.
7
(12 - -45) + -483 + 506
80
What is 2 - (-8 - 8 - -12) - (70 - (3 - 1))?
-62
What is -35 + (-9 + 17 - -27)?
0
What is -27 + -67 + 20 + 82?
8
22 + (-35 - (45 - 72))
14
(-3352 - -3298) + 92 + 1
39
2 + -52 + (0 - 0) - (3168 + -3164)
-54
9 + 24 + (9 - 52) + 22
12
-37 + -41 + 100 - -11
33
Calculate (19 - 0) + (-185 - ((33 - 21) + -61)).
-117
What is the value of -4 + (2 - 3) + 18 + -6 + (-14 - -14)?
7
What is 8 + -19 + (31 - 57) - 34?
-71
-57 + (18 - -35) - (0 - -22)
-26
What is (8 - (-3 + 10)) + -7 + 14 + -26?
-18
What is the value of 86 + -122 + -104 - 0?
-140
Evaluate -6 + (433 + -428 - (24 + -3 - -4)).
-26
What is the value of 114 + (-137 - (-11 - -83))?
-95
Calculate 68 + (-1 - (0 - (13 + -2)) - (10442 + -10419)).
55
What is -25 - 4 - (-2492 - -2442)?
21
Evaluate 98 - (-41 - -218) - 29.
-108
What is (41 - (-19 - -77)) + (5 - -8) + 0?
-4
What is the value of (-252 + 99 - -295) + -86?
56
(2 - (-1 + -3)) + (2 - (0 - (-9 - -2)))
1
Calculate -22 + (-4 - -10) + 13 + -23 + 13.
-13
21 - -1 - (-3 + 1) - (-4 + -33 - -25)
36
Evaluate (-10 - -19) + 10 + (-121 - -28 - 23).
-97
What is the value of 3 + 8 + 41 + -1 + (506 - 520)?
37
42 + -65 + (135 - 180)
-68
33 - 51 - (36 - (-4 + 141))
83
(2 - (54 - 19)) + -8
-41
Evaluate (-4 - 1) + -1 + (22 - (20 - 6)) + 45.
47
What is (2 - -3) + 107 + -18 + 0 + -1?
93
Calculate 14 - (10 + -2 + 1 + -473 + 152 + 407).
-81
What is the value of 210 - (246 + -61) - (3 + -1 + -2 + -4)?
29
1 + 6 + (-14 - (7 + -19 + 5 + -10))
10
What is the value of -1 + -50 - (210 + -307)?
46
Calculate (1 - 43) + -1 + -2 + 5 + -978 + 967.
-51
Calculate (-3 + 9 - -5) + -21 + -4 + -61 + 7.
-68
What is (93 - 101) + (-4 - -69) + 0 + -5?
52
What is -23 + (-8 - (-19 + (-3 - -27)))?
-36
What is 2 - (-7 + 27 + -7 + (35 - 9))?
-37
Evaluate -30 + (6 + 6 - 7) + (10 - 0) + -53.
-68
What is the value of 260 - (30 + 125) - 167?
-62
What is the value of -17 - (21 - (-8 - -6) - 66)?
26
-49 - -39 - (-17 - ((3 - -10) + -8))
12
Calculate (18 - (9 - -15)) + (12 - 2) + -1 + 5.
8
Calculate -17 + (18 - -2 - 12) + (-15 - -12).
-12
Calculate (-15 + -75 - 17) + (-9 - ((2 - 1) + 6)).
-123
Calculate -7 - -65 - (-14 - (1 + (1 - (-8 - -19)))).
63
Calculate -10 + -4 - (5 - 27) - -20.
28
46 + -31 + 43 + -44
14
Calculate 18 - 10 - 10 - (314 + -404).
88
What is the value of 91 + (-1425 - -1400 - (-23 + (2 - 2)))?
89
-23 + 32 - (14 + -5) - (0 + 1 + -17)
16
What is the value of 730 + -805 + (-6 - -20)?
-61
-84 - (-19688 + 19680 + (1 + -1 - 1))
-75
Evaluate -14 + -6 + 4 - (-26 + -19 + 49).
-20
What is -9 + (12 + 2 - (5 - (-8 + -8)))?
-16
Evaluate 5 + (-18 - 30) + 4 + -20.
-59
-3 + 6 + -6 + (-7 - (6 - -1))
-17
What is the value of 57 + (-44 + -49 - -35)?
-1
What is -7 + 6 + (6 - 8) + (327 - 375)?
-51
What is the value of 24 - (-4 - -1) - (-13 + 29)?
11
6 - (32 + -77 - (-7 + (2 - 8)))
38
What is the value of -55 - (14 - ((9 - (-11 + 14) - 11) + 24))?
-50
Calculate (8 - (4 - (3 + -1))) + (-104 - -97).
-1
Calculate 26 + -34 + 32 + 11 + 9.
44
Evaluate (49 - 187) + 132 - (0 - -4).
-10
Calculate 14 - (96 + 66 + -76 + (1 - -9 - -2)).
-84
What is -98 + (20 - (-14 - -17) - 27) + 22 + 0?
-86
Evaluate -10 - ((18 - (-30 - -28)) + -15).
-15
What is the value of (-4 + 3 - (-13 + (21 - 10)) - 2) + 11?
10
Evaluate (130 - 29) + -37 + -143.
-79
What is the value of -9 + 15 + -19 + -18 + -11?
-42
Calculate 3 + 9 + -115 + (47 - (39 - 0)).
-95
Calculate -22 + 5 + -9 + (10 - -1) + -3 + 11.
-7
Calculate (1 - ((1 - 12) + 12)) + -2 + 0 + 43.
41
Evaluate 17 + (8 - 31) - 21 - -9.
-18
Calculate 8 - (56 + -40 - 9).
1
Calculate (-1 + -2 - 0) + (-55 - (28 - 25) - 10).
-71
Evaluate -5 - (-39 - (7 - (-4 - -1) - (-132 - -134))).
42
Evaluate (0 - (-2 + 14 + -5 + -40)) + -3 + 15.
45
(-20 - 28 - -37) + 22
11
(-7 - (-1 - -8 - 1 - -26)) + 3 + 4
-32
What is (0 - -69) + 72 + -158 + 77?
60
(32 - 39) + 20 + -5 + 46
54
3 + -4 + -308 + 270
-39
Calculate (2 + -5 - -33 - -1) + -19.
12
-80 - (-40 - (19 + 111))
90
11 + -6 + 14 + -7 - (-44 + 75)
-19
Evaluate -33 + 29 - (-7 - ((-57 - -3) + 0)).
-51
What is -3 + (-59 - (-77 - -26)) - (-140 + 1 + 0)?
128
Evaluate 66 + (-176 - -72) - 13.
-51
(41 - -2) + (11 - 2) + 22 + -123 + 82
33
29 + -70 - 28 - -4
-65
(-3 - -39 - 98) + 15
-47
Evaluate (-58 - ((-5 - -9) + -6)) + (-39 - (-29 + -16)).
-50
8 + -4 + -22 + 27 - (-14 - -1)
22
-246 - (-158 + -110) - (17 - -2)
3
What is the value of -16 - (-42 - (-18 + -22))?
-14
What is the value of -30 + (34 - (-118 - -20)) + -22?
80
What is 20 + -11 + -71 - (18 - 4)?
-76
What is the value of 53 + -80 - 80 - (-2 + (-1 - 0))?
-104
Calculate -109 + 58 + 151 - 80.
20
-13 - -18 - (3 + (11 - 6) + 40)
-43
Calculate -69 - (-150 + (104 - 92)).
69
42 + -19 - -31 - 93
-39
Evaluate (146 - (20 + 67)) + -18 + 0.
41
(-19 - (6 + -12)) + 62 + -7
42
Calculate 58 - (83 - 2) - (2 - -38).
-63
Calculate 2 - (-4 + -6) - (1 + 45 + 2 + 1).
-37
Evaluate -1 + -32 + 37 + (-2 - 2).
0
Evaluate -12 - (6 + -6 + (1 - -1)) - (3 - 7).
-10
What is the value of 9 - 10 - (31 - -2)?
-34
What is the value of 1 - -9 - ((37 - 11) + 27 + -1)?
-42
(-5 - 7) + (-30 - (-36 - 32))
26
What is 3 + -15 + (15 - (25 - (12 - -3) - 14))?
7
69 + -34 + 15 + -37
13
(-8 - 13) + (-462 - -504)
21
Calculate -22 + (29 - 39 - -76) - 76.
-32
Evaluate (1 - -65) + (49 - (-2 + 32)).
85
What is 28 + (-18 - (-28 + -13)) - 10?
41
Evaluate 115 + 2 + 45 + (-29 - 7).
126
Evaluate -90 - 3 - (1931 + -1919).
-105
-2 - (-1 - 53) - (3525 - 3527)
54
Calculate 28 + -1 + 0 + (-284 + 37 - -234).
14
What is -75 + 91 - (8 + (1 - -4))?
3
-29 + (17 - 22) + -23 - 24
-81
What is the value of 17 - (-17 + -21 + 3)?
52
What is 6 - (7 - -4) - ((-8 - -10) + -4)?
-3
What is 83 + -162 - -92 - (50 + 2 + -3)?
-36
Calculate 5340 - 5301 - (-90 + -2).
131
What is the value of -15 + (17 + -14 - -10) + (50 - 14)?
34
-30 - (4 + -13 + -7) - (-53 + 2)
37
What is the value of 504 - 597 - (-121 + 0)?
28
What is 177 - (184 - 101) - 2?
92
What is the value of 54 + -5 + -80 + -42 + 12?
-61
(10 + -7 - -17) + (71 - 84)
7
((-5 - (-5 - -6)) + 11 - 3) + -25
-23
Evaluate -3 - -27 - (26 - (16 + 25 + -19)).
20
Evaluate 35 - 36 - (51 + (6 - (-2 + 4))).
-56
Evaluate -50 - ((13 - (-29 - -51)) + (-1 - -12)).
-52
(341 - 261 - (-2 + 34)) + 6
54
What is (-36 - -24 - 5) + (-6 - 3) - (1 + -6)?
-21
Calculate (13 + -1 - (-10 - 24 - -37)) + -12.
-3
What is the value of 7 + -2 + -17 + 22 + -17?
-7
(14 + -23 - (9 + -8 + (-10 - -2))) + 31
29
Evaluate -43 + (31 - (21 - 41) - -109).
117
Calculate -3 + 30 + (-328 - -315).
14
What is (19 - (9 - 7)) + -32 + 20 - -91?
96
Evaluate 126 + (41 + -79 - -2).
90
-2188 + 2247 + (-19 - (-1 + 1))
40
What is the value of (-15 - -3) + 11 + -3 + -13 - -25?
8
Evaluate 3 + (-2 - -8) + (-34 - -68) + -28.
15
Evaluate 132 - (-10 - (16 - 19 - 17)) - (16 + -5).
111
Wh